94?
3
What is the ten millions digit of 1091060084?
9
What is the hundreds digit of 26264493?
4
What is the tens digit of 431147706?
0
What is the ten thousands digit of 507637195?
3
What is the units digit of 1305140?
0
What is the ten thousands digit of 6573603?
7
What is the hundred millions digit of 222980316?
2
What is the hundred thousands digit of 29528600?
5
What is the ten thousands digit of 731495364?
9
What is the tens digit of 186583878?
7
What is the hundred thousands digit of 969901585?
9
What is the thousands digit of 412650834?
0
What is the tens digit of 39486386?
8
What is the tens digit of 39212490?
9
What is the hundred thousands digit of 1100408974?
4
What is the thousands digit of 139234842?
4
What is the millions digit of 2363357558?
3
What is the millions digit of 513800003?
3
What is the millions digit of 81777086?
1
What is the millions digit of 22576517?
2
What is the ten thousands digit of 1601684408?
8
What is the hundred thousands digit of 162536754?
5
What is the thousands digit of 935591151?
1
What is the units digit of 640241963?
3
What is the hundred thousands digit of 179284384?
2
What is the hundred millions digit of 720750237?
7
What is the ten millions digit of 670904685?
7
What is the hundreds digit of 85552474?
4
What is the hundred millions digit of 467802347?
4
What is the ten millions digit of 20729230?
2
What is the thousands digit of 2417759?
7
What is the thousands digit of 57403882?
3
What is the thousands digit of 51664059?
4
What is the thousands digit of 118119225?
9
What is the tens digit of 8191634532?
3
What is the ten thousands digit of 110643184?
4
What is the thousands digit of 467233358?
3
What is the ten thousands digit of 1458160800?
6
What is the ten thousands digit of 224660788?
6
What is the millions digit of 537412375?
7
What is the hundred thousands digit of 592883340?
8
What is the hundred millions digit of 158853995?
1
What is the ten millions digit of 11942813?
1
What is the ten millions digit of 105078476?
0
What is the ten thousands digit of 236522708?
2
What is the units digit of 458477105?
5
What is the ten thousands digit of 609018843?
1
What is the thousands digit of 134340026?
0
What is the tens digit of 721341851?
5
What is the ten thousands digit of 37382001?
8
What is the hundreds digit of 40308069?
0
What is the ten millions digit of 428285478?
2
What is the ten thousands digit of 722651515?
5
What is the hundred millions digit of 608865910?
6
What is the millions digit of 114314783?
4
What is the tens digit of 222766908?
0
What is the tens digit of 183962679?
7
What is the millions digit of 161652263?
1
What is the thousands digit of 2124640078?
0
What is the thousands digit of 340392472?
2
What is the hundreds digit of 570310308?
3
What is the ten millions digit of 340895091?
4
What is the ten thousands digit of 613912203?
1
What is the millions digit of 2087834323?
7
What is the thousands digit of 665556728?
6
What is the billions digit of 3627960349?
3
What is the hundred millions digit of 906784202?
9
What is the units digit of 8601503?
3
What is the units digit of 2847615252?
2
What is the ten millions digit of 209150519?
0
What is the hundred thousands digit of 162062726?
0
What is the tens digit of 98857797?
9
What is the millions digit of 38119901?
8
What is the thousands digit of 1753540260?
0
What is the tens digit of 839145106?
0
What is the millions digit of 3390039196?
0
What is the hundred thousands digit of 38539393?
5
What is the ten millions digit of 4165948781?
6
What is the thousands digit of 26646067?
6
What is the units digit of 266333382?
2
What is the ten thousands digit of 949622277?
2
What is the ten millions digit of 263049908?
6
What is the millions digit of 30704028?
0
What is the hundred millions digit of 302352520?
3
What is the hundred thousands digit of 3029507638?
5
What is the hundreds digit of 310558997?
9
What is the thousands digit of 472570060?
0
What is the millions digit of 327944905?
7
What is the hundred thousands digit of 57892782?
8
What is the ten millions digit of 81609074?
8
What is the tens digit of 371941509?
0
What is the units digit of 79602649?
9
What is the millions digit of 55307035?
5
What is the tens digit of 5110786692?
9
What is the thousands digit of 120234300?
4
What is the hundred thousands digit of 278009052?
0
What is the ten millions digit of 264955604?
6
What is the millions digit of 211001961?
1
What is the thousands digit of 130480251?
0
What is the millions digit of 2046550774?
6
What is the ten millions digit of 87334006?
8
What is the hundred thousands digit of 185049928?
0
What is the units digit of 13504558?
8
What is the thousands digit of 332219463?
9
What is the thousands digit of 26734052?
4
What is the tens digit of 6456260?
6
What is the hundred millions digit of 1563507503?
5
What is the tens digit of 230346689?
8
What is the hundred thousands digit of 1042113895?
1
What is the billions digit of 2570014273?
2
What is the thousands digit of 3241830676?
0
What is the ten millions digit of 115872261?
1
What is the thousands digit of 92059582?
9
What is the thousands digit of 209519233?
9
What is the hundreds digit of 266242204?
2
What is the millions digit of 768657205?
8
What is the ten millions digit of 105346167?
0
What is the ten thousands digit of 1127278406?
7
What is the ten millions digit of 800320469?
0
What is the millions digit of 143300869?
3
What is the tens digit of 13480660?
6
What is the tens digit of 168318212?
1
What is the hundred thousands digit of 39276039?
2
What is the thousands digit of 3411183880?
3
What is the millions digit of 237813827?
7
What is the tens digit of 1107167859?
5
What is the hundred thousands digit of 115533760?
5
What is the ten thousands digit of 1540380602?
8
What is the tens digit of 56318114?
1
What is the thousands digit of 459399636?
9
What is the units digit of 95547977?
7
What is the units digit of 2382435622?
2
What is the thousands digit of 7633963904?
3
What is the hundred millions digit of 934870655?
9
What is the hundred thousands digit of 2434100815?
1
What is the ten millions digit of 399485185?
9
What is the billions digit of 1205027093?
1
What is the millions digit of 1695385101?
5
What is the hundred millions digit of 2584132872?
5
What is the ten thousands digit of 148725240?
2
What is the hundred thousands digit of 89912975?
9
What is the millions digit of 91091741?
1
What is the billions digit of 3569475259?
3
What is the units digit of 97079517?
7
What is the hundred thousands digit of 22149999?
1
What is the thousands digit of 110257274?
7
What is the units digit of 1617801801?
1
What is the tens digit of 40403395?
9
What is the hundred thousands digit of 2465251606?
2
What is the ten millions digit of 34525727?
3
What is the ten thousands digit of 714238600?
3
What is the ten millions digit of 529476390?
2
What is the millions digit of 30773440?
0
What is the billions digit of 1333969635?
1
What is the hundred thousands digit of 23631079?
6
What is the ten thousands digit of 31995855?
9
What is the thousands digit of 322940772?
0
What is the units digit of 7530965?
5
What is the hundred thousands digit of 282627530?
6
What is the tens digit of 5178591?
9
What is the tens digit of 157027694?
9
What is the thousands digit of 342514279?
4
What is the hundred thousands digit of 281018782?
0
What is the ten thousands digit of 25944655?
4
What is the ten thousands digit of 322024959?
2
What is the tens digit of 124788236?
3
What is the hundred thousands digit of 299711752?
7
What is the millions digit of 306348362?
6
What is the millions digit of 2795112292?
5
What is the tens digit of 17605023?
2
What is the thousands digit of 226534507?
4
What is the units digit of 329720082?
2
What is the tens digit of 57598078?
7
What is the thousands digit of 105779698?
9
What is the millions digit of 1255804?
1
What is the millions digit of 159608445?
9
What is the tens digit of 3492875249?
4
What is the thousands digit of 79808388?
8
What is the hundred thousands digit of 45790846?
7
What is the hundreds digit of 37895886?
8
What is the millions digit of 18489557?
8
What is the thousands digit of 1073382717?
2
What is the tens digit of